 is divided by 23640.
3417
What is the remainder when 821246 is divided by 136864?
62
Calculate the remainder when 31469751 is divided by 2841.
2835
What is the remainder when 117399 is divided by 58525?
349
What is the remainder when 341436 is divided by 983?
335
What is the remainder when 893337 is divided by 127619?
4
Calculate the remainder when 15085750 is divided by 1885714.
38
What is the remainder when 3953485 is divided by 8118?
19
Calculate the remainder when 256570 is divided by 503.
40
Calculate the remainder when 48987 is divided by 44418.
4569
Calculate the remainder when 80945 is divided by 26791.
572
What is the remainder when 401665 is divided by 44624?
49
Calculate the remainder when 1014141 is divided by 253535.
1
What is the remainder when 588732 is divided by 6?
0
What is the remainder when 69208 is divided by 34477?
254
Calculate the remainder when 20686700 is divided by 1262.
1258
What is the remainder when 44479935 is divided by 75135?
15
What is the remainder when 353420 is divided by 2968?
228
What is the remainder when 129784 is divided by 5407?
16
Calculate the remainder when 28392086 is divided by 4116.
4034
What is the remainder when 768388 is divided by 30693?
1063
Calculate the remainder when 3987827 is divided by 992.
979
Calculate the remainder when 9059978 is divided by 865.
833
Calculate the remainder when 933755 is divided by 466829.
97
Calculate the remainder when 313622 is divided by 6685.
6112
What is the remainder when 3024745 is divided by 137485?
75
Calculate the remainder when 7978552 is divided by 997302.
136
What is the remainder when 16195367 is divided by 1189?
1187
What is the remainder when 102803 is divided by 2363?
1194
Calculate the remainder when 18980 is divided by 10990.
7990
Calculate the remainder when 9226332 is divided by 153772.
12
What is the remainder when 761835 is divided by 888?
819
What is the remainder when 899528 is divided by 6080?
5768
What is the remainder when 2300651 is divided by 69712?
155
Calculate the remainder when 1691517 is divided by 4584.
21
Calculate the remainder when 132106 is divided by 1684.
754
What is the remainder when 312639 is divided by 102514?
5097
What is the remainder when 3435992 is divided by 207?
206
Calculate the remainder when 1488224 is divided by 1094.
384
Calculate the remainder when 666425 is divided by 1087.
94
Calculate the remainder when 296614 is divided by 12896.
6
What is the remainder when 479944 is divided by 36?
28
What is the remainder when 3727877 is divided by 179?
23
What is the remainder when 5126947 is divided by 71?
37
What is the remainder when 4803262 is divided by 300196?
126
What is the remainder when 2379037 is divided by 32?
29
Calculate the remainder when 55349021 is divided by 643593.
23
What is the remainder when 14175480 is divided by 50090?
10
What is the remainder when 701878 is divided by 1326?
424
What is the remainder when 16481871 is divided by 15?
6
What is the remainder when 297464 is divided by 791?
48
Calculate the remainder when 21224189 is divided by 93.
8
Calculate the remainder when 44838822 is divided by 967.
966
What is the remainder when 280164 is divided by 93324?
192
Calculate the remainder when 321270 is divided by 36.
6
What is the remainder when 3358593 is divided by 1585?
1563
What is the remainder when 5350523 is divided by 812?
255
Calculate the remainder when 685443 is divided by 1231.
1007
Calculate the remainder when 784463 is divided by 11.
9
What is the remainder when 326097 is divided by 2241?
1152
What is the remainder when 396205 is divided by 1539?
682
Calculate the remainder when 1071157 is divided by 853.
642
Calculate the remainder when 39950 is divided by 2462.
558
What is the remainder when 262537 is divided by 577?
2
Calculate the remainder when 81241827 is divided by 5.
2
What is the remainder when 3044608 is divided by 434926?
126
Calculate the remainder when 6041979 is divided by 32.
27
What is the remainder when 11078099 is divided by 45?
44
What is the remainder when 32254245 is divided by 306?
9
Calculate the remainder when 8382973 is divided by 8382911.
62
What is the remainder when 97144 is divided by 6491?
6270
Calculate the remainder when 3978102 is divided by 1993.
74
Calculate the remainder when 5218 is divided by 641.
90
Calculate the remainder when 244837989 is divided by 4080633.
9
Calculate the remainder when 57389 is divided by 19100.
89
What is the remainder when 32008 is divided by 3076?
1248
What is the remainder when 3558545 is divided by 439?
11
Calculate the remainder when 174281 is divided by 172973.
1308
What is the remainder when 481066 is divided by 1407?
1279
What is the remainder when 44475311 is divided by 76814?
5
What is the remainder when 15119073 is divided by 2188?
2181
What is the remainder when 43594197 is divided by 947?
946
Calculate the remainder when 1650726 is divided by 3.
0
Calculate the remainder when 393090046 is divided by 663.
661
What is the remainder when 11760 is divided by 9382?
2378
Calculate the remainder when 2176084 is divided by 79.
29
Calculate the remainder when 367813 is divided by 2785.
193
Calculate the remainder when 1239753 is divided by 5825.
4853
What is the remainder when 372773 is divided by 405?
173
Calculate the remainder when 49812830 is divided by 36.
26
Calculate the remainder when 8876189 is divided by 1775212.
129
What is the remainder when 53284 is divided by 2687?
2231
Calculate the remainder when 72799 is divided by 3634.
119
What is the remainder when 350640355 is divided by 14?
9
Calculate the remainder when 964806 is divided by 481656.
1494
Calculate the remainder when 145118 is divided by 9068.
30
What is the remainder when 7331862 is divided by 5411?
5368
What is the remainder when 46822781 is divided by 1168?
1165
What is the remainder when 2506116 is divided by 919?
3
Calculate the remainder when 5981585 is divided by 221.
220
Calculate the remainder when 1852088 is divided by 54.
50
What is the remainder when 6144 is divided by 2267?
1610
Calculate the remainder when 187283 is divided by 62340.
263
Calculate the remainder when 973292 is divided by 8613.
23
What is the remainder when 638927 is divided by 319411?
105
Calculate the remainder when 2047606 is divided by 1023260.
1086
Calculate the remainder when 1009770 is divided by 1929.
903
Calculate the remainder when 37010 is divided by 8862.
1562
Calculate the remainder when 324886 is divided by 1760.
1046
Calculate the remainder when 22041 is divided by 21620.
421
What is the remainder when 1926045 is divided by 470?
455
Calculate the remainder when 29991 is divided by 711.
129
Calculate the remainder when 7228170 is divided by 9196.
114
Calculate the remainder when 602174 is divided by 598.
586
What is the remainder when 360912 is divided by 355593?
5319
What is the remainder when 311081 is divided by 515?
21
Calculate the remainder when 14257137 is divided by 1.
0
Calculate the remainder when 11828161 is divided by 199.
198
Calculate the remainder when 805607 is divided by 4222.
3427
Calculate the remainder when 519404 is divided by 799.
54
What is the remainder when 153296009 is divided by 24?
17
Calculate the remainder when 15377524 is divided by 50.
24
Calculate the remainder when 148299 is divided by 73318.
1663
Calculate the remainder when 5666 is divided by 1656.
698
Calculate the remainder when 596230 is divided by 17008.
950
What is the remainder when 259261 is divided by 21592?
157
What is the remainder when 203887 is divided by 29040?
607
What is the remainder when 161157201 is divided by 319?
315
What is the remainder when 108883855 is divided by 2044?
2019
What is the remainder when 17374620 is divided by 43?
40
What is the remainder when 10508774 is divided by 140116?
74
What is the remainder when 429403 is divided by 13793?
1820
Calculate the remainder when 5405697 is divided by 111.
108
What is the remainder when 279859 is divided by 4614?
3019
Calculate the remainder when 1860977 is divided by 1581.
140
Calculate the remainder when 71404837 is divided by 706.
703
Calculate the remainder when 29804186 is divided by 3258.
2
Calculate the remainder when 1035064 is divided by 749.
695
Calculate the remainder when 145937